{"id":61,"date":"2021-11-10T18:15:23","date_gmt":"2021-11-10T21:15:23","guid":{"rendered":"https:\/\/prueba2021.inmune.cl\/?page_id=61"},"modified":"2021-11-26T13:00:12","modified_gmt":"2021-11-26T16:00:12","slug":"nosotros","status":"publish","type":"page","link":"https:\/\/prueba2021.inmune.cl\/?page_id=61","title":{"rendered":"Nosotros"},"content":{"rendered":"<p>[et_pb_section fb_built=\u00bb1&#8243; _builder_version=\u00bb4.12.1&#8243; _module_preset=\u00bbdefault\u00bb custom_padding=\u00bb22px||17px|||\u00bb global_module=\u00bb133&#8243; global_colors_info=\u00bb{}\u00bb][et_pb_row _builder_version=\u00bb4.12.1&#8243; _module_preset=\u00bbdefault\u00bb global_colors_info=\u00bb{}\u00bb][et_pb_column type=\u00bb4_4&#8243; _builder_version=\u00bb4.12.1&#8243; _module_preset=\u00bbdefault\u00bb global_colors_info=\u00bb{}\u00bb][et_pb_post_title meta=\u00bboff\u00bb featured_image=\u00bboff\u00bb _builder_version=\u00bb4.12.1&#8243; _module_preset=\u00bbdefault\u00bb title_font=\u00bb|700|||||||\u00bb title_text_color=\u00bb#15B4B1&#8243; text_orientation=\u00bbcenter\u00bb global_colors_info=\u00bb{}\u00bb][\/et_pb_post_title][\/et_pb_column][\/et_pb_row][\/et_pb_section][et_pb_section fb_built=\u00bb1&#8243; prev_background_color=\u00bb#ffffff\u00bb _builder_version=\u00bb4.12.1&#8243; _module_preset=\u00bbdefault\u00bb background_color=\u00bb#f4f4f4&#8243; top_divider_style=\u00bbarrow\u00bb top_divider_height=\u00bb60px\u00bb global_colors_info=\u00bb{}\u00bb][et_pb_row column_structure=\u00bb1_2,1_2&#8243; _builder_version=\u00bb4.12.1&#8243; _module_preset=\u00bbdefault\u00bb global_colors_info=\u00bb{}\u00bb][et_pb_column type=\u00bb1_2&#8243; _builder_version=\u00bb4.12.1&#8243; _module_preset=\u00bbdefault\u00bb global_colors_info=\u00bb{}\u00bb][et_pb_text _builder_version=\u00bb4.12.1&#8243; _module_preset=\u00bbdefault\u00bb custom_margin=\u00bb33px|||||\u00bb global_colors_info=\u00bb{}\u00bb]<\/p>\n<p style=\"text-align: right;\"><strong>En Inmune<\/strong><br \/>Nos dedicamos a disminuir el ausentismo laboral analizando data, educando y apoyando a empresas y sus colaboradores, a trav\u00e9s de un programa integral, con el prop\u00f3sito de aumentar la productividad y generar espacios de trabajo sanos.<\/p>\n<p>[\/et_pb_text][\/et_pb_column][et_pb_column type=\u00bb1_2&#8243; _builder_version=\u00bb4.12.1&#8243; _module_preset=\u00bbdefault\u00bb global_colors_info=\u00bb{}\u00bb][et_pb_image src=\u00bbhttps:\/\/prueba2021.inmune.cl\/wp-content\/uploads\/2021\/11\/inmune-mockup.png\u00bb title_text=\u00bbinmune-mockup\u00bb align=\u00bbcenter\u00bb _builder_version=\u00bb4.12.1&#8243; _module_preset=\u00bbdefault\u00bb width=\u00bb75%\u00bb global_colors_info=\u00bb{}\u00bb][\/et_pb_image][\/et_pb_column][\/et_pb_row][et_pb_row column_structure=\u00bb1_4,1_4,1_4,1_4&#8243; _builder_version=\u00bb4.12.1&#8243; _module_preset=\u00bbdefault\u00bb global_colors_info=\u00bb{}\u00bb][et_pb_column type=\u00bb1_4&#8243; _builder_version=\u00bb4.12.1&#8243; _module_preset=\u00bbdefault\u00bb global_colors_info=\u00bb{}\u00bb][et_pb_blurb image=\u00bbhttps:\/\/prueba2021.inmune.cl\/wp-content\/uploads\/2021\/11\/porque-2.svg\u00bb image_max_width=\u00bb60%\u00bb _builder_version=\u00bb4.12.1&#8243; _module_preset=\u00bbdefault\u00bb global_colors_info=\u00bb{}\u00bb]<\/p>\n<p style=\"text-align: center;\"><strong>M\u00e1s de 10 a\u00f1os<\/strong><br \/><strong>en el mercado<\/strong><\/p>\n<p>[\/et_pb_blurb][\/et_pb_column][et_pb_column type=\u00bb1_4&#8243; _builder_version=\u00bb4.12.1&#8243; _module_preset=\u00bbdefault\u00bb global_colors_info=\u00bb{}\u00bb][et_pb_blurb image=\u00bbhttps:\/\/prueba2021.inmune.cl\/wp-content\/uploads\/2021\/11\/porque-2.svg\u00bb image_max_width=\u00bb60%\u00bb _builder_version=\u00bb4.12.1&#8243; _module_preset=\u00bbdefault\u00bb global_colors_info=\u00bb{}\u00bb]<\/p>\n<p style=\"text-align: center;\"><strong>250 mil colaboradores<\/strong><br \/><strong>impactados<\/strong><\/p>\n<p>[\/et_pb_blurb][\/et_pb_column][et_pb_column type=\u00bb1_4&#8243; _builder_version=\u00bb4.12.1&#8243; _module_preset=\u00bbdefault\u00bb global_colors_info=\u00bb{}\u00bb][et_pb_blurb image=\u00bbhttps:\/\/prueba2021.inmune.cl\/wp-content\/uploads\/2021\/11\/porque-2.svg\u00bb image_max_width=\u00bb60%\u00bb _builder_version=\u00bb4.12.1&#8243; _module_preset=\u00bbdefault\u00bb global_colors_info=\u00bb{}\u00bb]<\/p>\n<p style=\"text-align: center;\"><strong>M\u00e1s de 65 clientes<\/strong><br \/><strong>de diversas industrias<\/strong><\/p>\n<p>[\/et_pb_blurb][\/et_pb_column][et_pb_column type=\u00bb1_4&#8243; _builder_version=\u00bb4.12.1&#8243; _module_preset=\u00bbdefault\u00bb global_colors_info=\u00bb{}\u00bb][et_pb_blurb image=\u00bbhttps:\/\/prueba2021.inmune.cl\/wp-content\/uploads\/2021\/11\/porque-2.svg\u00bb image_max_width=\u00bb60%\u00bb _builder_version=\u00bb4.12.1&#8243; _module_preset=\u00bbdefault\u00bb global_colors_info=\u00bb{}\u00bb]<\/p>\n<p style=\"text-align: center;\"><strong>7 mil visitas de nuestro<\/strong><br \/><strong>equipo de asistentes al a\u00f1o. <\/strong><\/p>\n<p>[\/et_pb_blurb][\/et_pb_column][\/et_pb_row][et_pb_row _builder_version=\u00bb4.12.1&#8243; _module_preset=\u00bbdefault\u00bb global_colors_info=\u00bb{}\u00bb][et_pb_column type=\u00bb4_4&#8243; _builder_version=\u00bb4.12.1&#8243; _module_preset=\u00bbdefault\u00bb global_colors_info=\u00bb{}\u00bb][et_pb_text _builder_version=\u00bb4.12.1&#8243; _module_preset=\u00bbdefault\u00bb global_colors_info=\u00bb{}\u00bb]<\/p>\n<h4 style=\"text-align: center;\">M\u00e1s de <strong>2.500 asesor\u00edas a trabajadores<\/strong> para el pago de sus licencias m\u00e9dicas al a\u00f1o<\/h4>\n<p>[\/et_pb_text][\/et_pb_column][\/et_pb_row][\/et_pb_section][et_pb_section fb_built=\u00bb1&#8243; _builder_version=\u00bb4.12.1&#8243; _module_preset=\u00bbdefault\u00bb background_image=\u00bbhttps:\/\/prueba2021.inmune.cl\/wp-content\/uploads\/2021\/11\/fondo-verde.jpg\u00bb global_colors_info=\u00bb{}\u00bb][et_pb_row column_structure=\u00bb2_5,3_5&#8243; _builder_version=\u00bb4.12.1&#8243; _module_preset=\u00bbdefault\u00bb global_colors_info=\u00bb{}\u00bb][et_pb_column type=\u00bb2_5&#8243; _builder_version=\u00bb4.12.1&#8243; _module_preset=\u00bbdefault\u00bb global_colors_info=\u00bb{}\u00bb][et_pb_image src=\u00bbhttps:\/\/prueba2021.inmune.cl\/wp-content\/uploads\/2021\/11\/Grupo-5112.png\u00bb title_text=\u00bbGrupo 5112&#8243; _builder_version=\u00bb4.12.1&#8243; _module_preset=\u00bbdefault\u00bb global_colors_info=\u00bb{}\u00bb][\/et_pb_image][\/et_pb_column][et_pb_column type=\u00bb3_5&#8243; _builder_version=\u00bb4.12.1&#8243; _module_preset=\u00bbdefault\u00bb global_colors_info=\u00bb{}\u00bb][et_pb_text _builder_version=\u00bb4.12.1&#8243; _module_preset=\u00bbdefault\u00bb text_text_color=\u00bb#FFFFFF\u00bb header_3_font=\u00bb|700|||||||\u00bb header_3_text_color=\u00bb#FFFFFF\u00bb global_colors_info=\u00bb{}\u00bb]<\/p>\n<h3>Nuestra historia<\/h3>\n<p>Inmune naci\u00f3 el a\u00f1o 2009 con el fin de informar a todos los actores del sistema de salud con respecto al correcto uso de la licencia m\u00e9dica. De esta forma se buscaba crear conciencia sobre los recursos malgastados en el pago de este subsidio a personas que no est\u00e1n realmente enfermas y que a la fecha, anualmente, llegan a 500 millones de d\u00f3lares.<\/p>\n<p>El a\u00f1o 2012 \u2014con el nacimiento de la Ley 20.585 sobre Otorgamiento y Uso de Licencias M\u00e9dicas que sanciona como delito la emisi\u00f3n y recepci\u00f3n de este documento sin justificaci\u00f3n m\u00e9dica\u2014 Inmune inici\u00f3 su gesti\u00f3n al interior de empresas de distintos rubros, educando a los trabajadores sobre esta nueva normativa.<\/p>\n<p>De este modo, comenzamos a difundir el correcto uso de la licencia m\u00e9dica y advertimos sobre las sanciones que contempla esta ley por uso injustificado, que llegan hasta los 3 a\u00f1os de c\u00e1rcel y multas por sobre los 2 millones y medio de pesos.<\/p>\n<p>Adem\u00e1s, dentro de nuestra labor informamos a los colaboradores sobre el impacto que genera en los equipos de trabajo el uso injustificado de este instrumento, buscando mejorar el clima laboral y la colaboraci\u00f3n entre los trabajadores.<\/p>\n<p>A la fecha Inmune trabaja con cerca de 40 empresas de distintos rubros a nivel nacional, posicion\u00e1ndose como un referente destacado en la gesti\u00f3n de licencias m\u00e9dicas del pa\u00eds.<\/p>\n<p>[\/et_pb_text][\/et_pb_column][\/et_pb_row][\/et_pb_section][et_pb_section fb_built=\u00bb1&#8243; _builder_version=\u00bb4.12.1&#8243; _module_preset=\u00bbdefault\u00bb background_color=\u00bb#183350&#8243; background_image=\u00bbhttps:\/\/prueba2021.inmune.cl\/wp-content\/uploads\/2021\/11\/fondo-alto2.svg\u00bb custom_padding=\u00bb3px||1px|||\u00bb hover_enabled=\u00bb0&#8243; global_colors_info=\u00bb{}\u00bb background_last_edited=\u00bbon|phone\u00bb background_enable_image_phone=\u00bboff\u00bb background_color_phone=\u00bb#182d46&#8243; background_enable_color_phone=\u00bbon\u00bb sticky_enabled=\u00bb0&#8243; background_enable_image_tablet=\u00bboff\u00bb][et_pb_row column_structure=\u00bb1_2,1_2&#8243; _builder_version=\u00bb4.12.1&#8243; _module_preset=\u00bbdefault\u00bb custom_padding=\u00bb0px||4px|||\u00bb global_colors_info=\u00bb{}\u00bb][et_pb_column type=\u00bb1_2&#8243; _builder_version=\u00bb4.12.1&#8243; _module_preset=\u00bbdefault\u00bb global_colors_info=\u00bb{}\u00bb][et_pb_text _builder_version=\u00bb4.12.1&#8243; _module_preset=\u00bbdefault\u00bb header_3_font=\u00bb|700|||||||\u00bb header_3_text_color=\u00bb#FFFFFF\u00bb header_3_font_size=\u00bb25px\u00bb background_color=\u00bb#182d46&#8243; custom_margin=\u00bb25px|||||\u00bb custom_padding=\u00bb16px||11px||false|false\u00bb border_radii=\u00bbon|60px|60px|60px|60px\u00bb global_colors_info=\u00bb{}\u00bb]<\/p>\n<h3 style=\"text-align: center;\">Somo parte de ALTO<\/h3>\n<p>[\/et_pb_text][et_pb_image src=\u00bbhttps:\/\/prueba2021.inmune.cl\/wp-content\/uploads\/2021\/11\/alto-logo.svg\u00bb title_text=\u00bbalto-logo\u00bb align=\u00bbcenter\u00bb _builder_version=\u00bb4.12.1&#8243; _module_preset=\u00bbdefault\u00bb width=\u00bb36%\u00bb custom_margin=\u00bb33px||23px||false|false\u00bb custom_margin_tablet=\u00bb46px||||false|false\u00bb custom_margin_phone=\u00bb44px||||false|false\u00bb custom_margin_last_edited=\u00bbon|desktop\u00bb global_colors_info=\u00bb{}\u00bb][\/et_pb_image][et_pb_text _builder_version=\u00bb4.12.1&#8243; _module_preset=\u00bbdefault\u00bb text_font_size=\u00bb16px\u00bb hover_enabled=\u00bb0&#8243; global_colors_info=\u00bb{}\u00bb text_text_color_last_edited=\u00bbon|phone\u00bb text_text_color_phone=\u00bb#FFFFFF\u00bb sticky_enabled=\u00bb0&#8243; text_text_color_tablet=\u00bb#FFFFFF\u00bb]<\/p>\n<p style=\"text-align: center;\">ALTO es una empresa multinacional que presta servicios basados en el uso de la tecnolog\u00eda para proteger activos empresariales, a trav\u00e9s de un ecosistema de productos que buscan mejorar los resultados operacionales de las compa\u00f1\u00edas.<\/p>\n<p>[\/et_pb_text][et_pb_image src=\u00bbhttps:\/\/prueba2021.inmune.cl\/wp-content\/uploads\/2021\/11\/marcas.svg\u00bb title_text=\u00bbmarcas\u00bb _builder_version=\u00bb4.12.1&#8243; _module_preset=\u00bbdefault\u00bb global_colors_info=\u00bb{}\u00bb][\/et_pb_image][et_pb_image src=\u00bbhttps:\/\/prueba2021.inmune.cl\/wp-content\/uploads\/2021\/11\/alto-img.png\u00bb title_text=\u00bbalto-img\u00bb align=\u00bbcenter\u00bb _builder_version=\u00bb4.12.1&#8243; _module_preset=\u00bbdefault\u00bb custom_margin=\u00bb-57px||38px|||\u00bb global_colors_info=\u00bb{}\u00bb][\/et_pb_image][\/et_pb_column][et_pb_column type=\u00bb1_2&#8243; _builder_version=\u00bb4.12.1&#8243; _module_preset=\u00bbdefault\u00bb global_colors_info=\u00bb{}\u00bb][et_pb_image src=\u00bbhttps:\/\/prueba2021.inmune.cl\/wp-content\/uploads\/2021\/11\/mapa2.svg\u00bb title_text=\u00bbmapa2&#8243; _builder_version=\u00bb4.12.1&#8243; _module_preset=\u00bbdefault\u00bb background_color=\u00bb#182d46&#8243; global_colors_info=\u00bb{}\u00bb][\/et_pb_image][et_pb_text _builder_version=\u00bb4.12.1&#8243; _module_preset=\u00bbdefault\u00bb text_text_color=\u00bb#FFFFFF\u00bb global_colors_info=\u00bb{}\u00bb custom_padding=\u00bb||40px|||\u00bb]<\/p>\n<p style=\"text-align: center;\">Nuestra marca cuenta con un respaldo de m\u00e1s de <strong>15 a\u00f1os <\/strong><\/p>\n<p style=\"text-align: center;\"><strong>+25,000<\/strong> puntos protegidos en <strong>150 ciudades de 6 pa\u00edses<\/strong><\/p>\n<p>[\/et_pb_text][\/et_pb_column][\/et_pb_row][\/et_pb_section][et_pb_section fb_built=\u00bb1&#8243; _builder_version=\u00bb4.12.1&#8243; _module_preset=\u00bbdefault\u00bb background_image=\u00bbhttps:\/\/prueba2021.inmune.cl\/wp-content\/uploads\/2021\/11\/llamado1.jpg\u00bb global_module=\u00bb112&#8243; global_colors_info=\u00bb{}\u00bb][et_pb_row _builder_version=\u00bb4.12.1&#8243; _module_preset=\u00bbdefault\u00bb global_colors_info=\u00bb{}\u00bb][et_pb_column type=\u00bb4_4&#8243; _builder_version=\u00bb4.12.1&#8243; _module_preset=\u00bbdefault\u00bb global_colors_info=\u00bb{}\u00bb][et_pb_text _builder_version=\u00bb4.12.1&#8243; _module_preset=\u00bbdefault\u00bb header_3_font=\u00bb|700|||||||\u00bb header_3_text_color=\u00bb#FFFFFF\u00bb text_text_shadow_style=\u00bbpreset3&#8243; global_colors_info=\u00bb{}\u00bb]<\/p>\n<h3 style=\"text-align: center;\">\u00bfQuieres saber m\u00e1s?<\/h3>\n<p>[\/et_pb_text][et_pb_button button_url=\u00bb@ET-DC@eyJkeW5hbWljIjp0cnVlLCJjb250ZW50IjoicG9zdF9saW5rX3VybF9wYWdlIiwic2V0dGluZ3MiOnsicG9zdF9pZCI6IjIwIn19@\u00bb button_text=\u00bbCont\u00e1ctanos\u00bb button_alignment=\u00bbcenter\u00bb _builder_version=\u00bb4.12.1&#8243; _dynamic_attributes=\u00bbbutton_url\u00bb _module_preset=\u00bbdefault\u00bb custom_button=\u00bbon\u00bb button_text_color=\u00bb#FFFFFF\u00bb button_bg_color=\u00bb#15B4B1&#8243; button_bg_use_color_gradient=\u00bbon\u00bb button_bg_color_gradient_start=\u00bb#15b4b1&#8243; button_bg_color_gradient_end=\u00bb#247f7f\u00bb button_border_width=\u00bb0px\u00bb button_border_radius=\u00bb3px\u00bb button_font=\u00bb|700|||||||\u00bb background_layout=\u00bbdark\u00bb global_colors_info=\u00bb{}\u00bb][\/et_pb_button][\/et_pb_column][\/et_pb_row][\/et_pb_section]<\/p>\n","protected":false},"excerpt":{"rendered":"<p>En InmuneNos dedicamos a disminuir el ausentismo laboral analizando data, educando y apoyando a empresas y sus colaboradores, a trav\u00e9s de un programa integral, con el prop\u00f3sito de aumentar la productividad y generar espacios de trabajo sanos.M\u00e1s de 10 a\u00f1osen el mercado250 mil colaboradoresimpactadosM\u00e1s de 65 clientesde diversas industrias7 mil visitas de nuestroequipo de asistentes [&hellip;]<\/p>\n","protected":false},"author":1,"featured_media":0,"parent":0,"menu_order":0,"comment_status":"closed","ping_status":"closed","template":"","meta":{"_et_pb_use_builder":"on","_et_pb_old_content":"","_et_gb_content_width":"","footnotes":""},"class_list":["post-61","page","type-page","status-publish","hentry"],"_links":{"self":[{"href":"https:\/\/prueba2021.inmune.cl\/index.php?rest_route=\/wp\/v2\/pages\/61","targetHints":{"allow":["GET"]}}],"collection":[{"href":"https:\/\/prueba2021.inmune.cl\/index.php?rest_route=\/wp\/v2\/pages"}],"about":[{"href":"https:\/\/prueba2021.inmune.cl\/index.php?rest_route=\/wp\/v2\/types\/page"}],"author":[{"embeddable":true,"href":"https:\/\/prueba2021.inmune.cl\/index.php?rest_route=\/wp\/v2\/users\/1"}],"replies":[{"embeddable":true,"href":"https:\/\/prueba2021.inmune.cl\/index.php?rest_route=%2Fwp%2Fv2%2Fcomments&post=61"}],"version-history":[{"count":25,"href":"https:\/\/prueba2021.inmune.cl\/index.php?rest_route=\/wp\/v2\/pages\/61\/revisions"}],"predecessor-version":[{"id":358,"href":"https:\/\/prueba2021.inmune.cl\/index.php?rest_route=\/wp\/v2\/pages\/61\/revisions\/358"}],"wp:attachment":[{"href":"https:\/\/prueba2021.inmune.cl\/index.php?rest_route=%2Fwp%2Fv2%2Fmedia&parent=61"}],"curies":[{"name":"wp","href":"https:\/\/api.w.org\/{rel}","templated":true}]}}